ghest common divisor of 2 and 2942706.
2
What is the greatest common divisor of 13 and 567287266?
13
What is the greatest common divisor of 14 and 261894206?
14
Calculate the highest common divisor of 4171281 and 442077.
4377
What is the greatest common factor of 12020 and 5868164?
2404
Calculate the greatest common divisor of 1222430 and 23760.
110
What is the highest common factor of 102330711 and 687?
687
Calculate the greatest common divisor of 1539299 and 1496.
17
Calculate the greatest common factor of 348 and 99173910.
174
What is the highest common factor of 10 and 1818115720?
10
Calculate the greatest common factor of 1469 and 286986213.
113
What is the highest common factor of 168990 and 14061?
129
Calculate the highest common factor of 44509520 and 185.
185
Calculate the highest common factor of 13254840 and 12960.
3240
Calculate the highest common divisor of 1915545 and 1830.
15
Calculate the greatest common divisor of 12638656 and 192.
64
Calculate the greatest common divisor of 20 and 56443020.
20
Calculate the highest common divisor of 1017981 and 5217.
111
What is the highest common divisor of 11505139 and 4027?
4027
Calculate the greatest common factor of 20801485 and 855.
95
Calculate the greatest common factor of 40634162 and 29.
29
Calculate the greatest common factor of 150542 and 56.
14
What is the highest common divisor of 57566802 and 1609?
1609
What is the greatest common divisor of 5504 and 492866?
86
What is the greatest common factor of 613414842 and 408?
102
What is the greatest common factor of 185209513 and 45616?
2851
What is the highest common divisor of 1242211 and 20871?
773
Calculate the greatest common factor of 170 and 7627630.
10
Calculate the greatest common factor of 14596 and 97490333.
3649
What is the highest common factor of 36165 and 42525?
15
Calculate the greatest common factor of 22 and 2369246.
22
Calculate the highest common divisor of 137208 and 39.
3
What is the highest common divisor of 40 and 47683876?
4
Calculate the greatest common factor of 48150 and 29205650.
5350
Calculate the greatest common divisor of 37002 and 3744.
6
Calculate the greatest common divisor of 591187 and 157631.
283
What is the highest common factor of 152508352 and 2?
2
What is the greatest common divisor of 1145 and 50365?
5
Calculate the highest common divisor of 2444041992 and 68.
68
What is the highest common divisor of 6993375 and 82875?
6375
What is the greatest common factor of 4160 and 16224320?
320
What is the highest common factor of 195960 and 27460?
20
What is the greatest common divisor of 2991 and 69011?
1
What is the highest common factor of 27300 and 6509860?
140
Calculate the highest common factor of 24591 and 57.
3
Calculate the highest common divisor of 2792 and 14033290.
698
Calculate the highest common divisor of 52217608 and 2364.
788
What is the greatest common factor of 32 and 11030840?
8
What is the highest common factor of 8722 and 1719658?
178
What is the highest common divisor of 30292506 and 774?
18
Calculate the highest common divisor of 544 and 8134176.
32
What is the greatest common divisor of 9620 and 15236?
52
What is the highest common divisor of 111 and 42926956?
37
What is the highest common divisor of 193827 and 33?
3
What is the highest common factor of 25123 and 413?
7
What is the greatest common divisor of 115583 and 3988387?
221
What is the greatest common divisor of 4101848 and 1520560?
1832
Calculate the greatest common divisor of 106062 and 8558.
22
Calculate the greatest common factor of 45 and 7938765.
45
What is the highest common factor of 398136828 and 1032?
516
Calculate the greatest common divisor of 274496 and 5248.
64
What is the highest common divisor of 22024 and 392726462?
5506
Calculate the highest common factor of 12255 and 121885.
95
Calculate the greatest common divisor of 1599 and 65988.
39
What is the highest common factor of 12796006 and 1916?
958
What is the highest common divisor of 118 and 8250442?
118
Calculate the highest common divisor of 2568 and 74021316.
1284
What is the greatest common divisor of 1602 and 817122?
6
Calculate the highest common divisor of 5844535 and 33885.
1255
Calculate the greatest common divisor of 29812255 and 2024.
253
What is the highest common divisor of 1971 and 66340137?
219
What is the highest common factor of 2700 and 16721820?
180
What is the greatest common factor of 4320 and 4165?
5
Calculate the highest common factor of 45090 and 788805.
135
Calculate the greatest common divisor of 53162502 and 204.
102
Calculate the greatest common divisor of 588 and 353512362.
294
What is the highest common factor of 11242 and 18067500?
1606
What is the greatest common factor of 110810 and 836?
2
What is the greatest common factor of 1744300 and 4300?
100
Calculate the greatest common divisor of 607824408 and 8.
8
Calculate the greatest common factor of 22599 and 1595601.
279
Calculate the greatest common divisor of 609 and 16948064.
203
What is the greatest common factor of 250 and 368037850?
50
Calculate the highest common factor of 20234 and 9782.
134
Calculate the greatest common factor of 776676 and 4288173.
3291
Calculate the highest common divisor of 4532164 and 1924.
52
What is the greatest common factor of 22515640 and 2062552?
6632
What is the highest common factor of 1873769 and 8?
1
Calculate the greatest common divisor of 3280 and 1584855.
205
Calculate the highest common factor of 137577 and 3411.
1137
Calculate the highest common divisor of 25 and 241520325.
25
Calculate the greatest common divisor of 7471 and 323237.
31
What is the highest common divisor of 882 and 1365246?
18
What is the highest common factor of 15800 and 11218316?
316
Calculate the highest common factor of 6064 and 1307171.
379
What is the greatest common factor of 395413637 and 45412?
11353
Calculate the highest common divisor of 32772925 and 131.
131
What is the greatest common factor of 6939877 and 1736?
217
Calculate the highest common divisor of 1026187 and 1711.
59
Calculate the greatest common factor of 15 and 886176375.
15
Calculate the greatest common divisor of 316740125 and 1625.
1625
Calculate the greatest common factor of 17150392 and 1072.
536
What is the greatest common divisor of 85820 and 2576?
28
Calculate the greatest common factor of 561727 and 169071.
97
Calculate the greatest common factor of 122986446 and 7326.
2442
Calculate the highest common factor of 18487558 and 116.
58
What is the highest common factor of 240153487 and 78575?
3143
What is the greatest common divisor of 4832492 and 84?
28
What is the highest common factor of 33216 and 82464?
96
What is the highest common factor of 782188 and 327932?
1276
Calculate the greatest common factor of 1773 and 97532139.
591
What is the greatest common divisor of 350 and 60538450?
350
What is the highest common divisor of 24 and 822824172?
12
What is the highest common factor of 447912 and 3968?
8
What is the greatest common divisor of 191431 and 4366256?
4073
Calculate the highest common factor of 90 and 2695470.
30
What is the highest common factor of 89486825 and 650?
25
Calculate the highest common divisor of 234 and 4368186.
18
What is the highest common factor of 3461154 and 33060?
114
Calculate the highest common factor of 11658 and 323616.
6
What is the highest common factor of 469400800 and 13010?
13010
Calculate the highest common divisor of 196292047 and 85.
17
What is the highest common divisor of 49716150 and 44?
22
What is the greatest common factor of 898890 and 125994?
498
Calculate the greatest common factor of 95 and 8672227.
19
Calculate the highest common divisor of 592 and 19285288.
296
Calculate the highest common divisor of 1310 and 4531814.
262
What is the highest common divisor of 8383408 and 89056?
4048
Calculate the highest common divisor of 801516 and 867.
51
What is the greatest common divisor of 80928 and 411000?
24
What is the highest common factor of 1561761 and 675?
27
What is the greatest common divisor of 56782256 and 32?
16
What is the greatest common divisor of 1211870 and 1058?
46
Calculate the highest common divisor of 1587870 and 7290.
270
What is the greatest common factor of 20954477 and 32695?
503
Calculate the greatest common 